{"id":329,"date":"2020-09-10T19:02:46","date_gmt":"2020-09-10T17:02:46","guid":{"rendered":"http:\/\/195.113.194.207\/~fimpefm\/?page_id=329"},"modified":"2021-03-21T18:09:58","modified_gmt":"2021-03-21T17:09:58","slug":"profil-oboru","status":"publish","type":"page","link":"https:\/\/fim.pef.mendelu.cz\/?page_id=329","title":{"rendered":"Profil oboru"},"content":{"rendered":"\n<div class=\"wp-block-themeisle-blocks-advanced-columns alignfull has-2-columns has-desktop-equal-layout has-tablet-collapsedRows-layout has-mobile-collapsedRows-layout has-nogap-gap has-vertical-center\" id=\"wp-block-themeisle-blocks-advanced-columns-7d5ce3f1\"><div class=\"wp-block-themeisle-blocks-advanced-columns-overlay\"><\/div><div class=\"innerblocks-wrap\">\n<div class=\"wp-block-themeisle-blocks-advanced-column\" id=\"wp-block-themeisle-blocks-advanced-column-2ad349f0\">\n<div class=\"wp-block-themeisle-blocks-advanced-columns has-1-columns has-desktop-equal-layout hide-in-tablet hide-in-mobile has-default-gap has-vertical-unset\" id=\"wp-block-themeisle-blocks-advanced-columns-a0c08034\"><div class=\"wp-block-themeisle-blocks-advanced-columns-overlay\"><\/div><div class=\"innerblocks-wrap\">\n<div class=\"wp-block-themeisle-blocks-advanced-column\" id=\"wp-block-themeisle-blocks-advanced-column-65daad3c\">\n<div class=\"wp-block-image\"><figure class=\"aligncenter size-large\"><img decoding=\"async\" loading=\"lazy\" width=\"1001\" height=\"1024\" src=\"http:\/\/195.113.194.207\/~fimpefm\/wp-content\/uploads\/2020\/09\/Budova_Provozne_ekonomicke_fakulty_Mendelovy_univerzity_v_Brne1-1001x1024.jpg\" alt=\"\" class=\"wp-image-335\" srcset=\"https:\/\/fim.pef.mendelu.cz\/wp-content\/uploads\/2020\/09\/Budova_Provozne_ekonomicke_fakulty_Mendelovy_univerzity_v_Brne1-1001x1024.jpg 1001w, https:\/\/fim.pef.mendelu.cz\/wp-content\/uploads\/2020\/09\/Budova_Provozne_ekonomicke_fakulty_Mendelovy_univerzity_v_Brne1-293x300.jpg 293w, https:\/\/fim.pef.mendelu.cz\/wp-content\/uploads\/2020\/09\/Budova_Provozne_ekonomicke_fakulty_Mendelovy_univerzity_v_Brne1-768x786.jpg 768w, https:\/\/fim.pef.mendelu.cz\/wp-content\/uploads\/2020\/09\/Budova_Provozne_ekonomicke_fakulty_Mendelovy_univerzity_v_Brne1.jpg 1298w\" sizes=\"(max-width: 1001px) 100vw, 1001px\" \/><\/figure><\/div>\n<\/div>\n<\/div><\/div>\n<\/div>\n\n\n\n<div class=\"wp-block-themeisle-blocks-advanced-column neve-about-content\" id=\"wp-block-themeisle-blocks-advanced-column-0a55c5dd\">\n<div id=\"wp-block-themeisle-blocks-advanced-heading-367b3e89\" class=\"wp-block-themeisle-blocks-advanced-heading wp-block-themeisle-blocks-advanced-heading-367b3e89\">FIM<\/div>\n\n\n\n<h2 id=\"wp-block-themeisle-blocks-advanced-heading-9d1c924e\" class=\"wp-block-themeisle-blocks-advanced-heading wp-block-themeisle-blocks-advanced-heading-9d1c924e\"><\/h2>\n\n\n\n<p id=\"wp-block-themeisle-blocks-advanced-heading-1469156f\" class=\"wp-block-themeisle-blocks-advanced-heading wp-block-themeisle-blocks-advanced-heading-1469156f\">Obor Finance a investi\u010dn\u00ed management na Provozn\u011b ekonomick\u00e9 fakult\u011b Mendelovy univerzity v Brn\u011b je navazuj\u00edc\u00ed magistersk\u00fd obor (titul Ing.) zam\u011b\u0159en\u00fd na komplexn\u00ed oblast financ\u00ed a investi\u010dn\u00edho rozhodov\u00e1n\u00ed, zejm\u00e9na na investi\u010dn\u00ed procesy a finan\u010dn\u00ed \u0159\u00edzen\u00ed ve finan\u010dn\u00edch instituc\u00edch, podnikov\u00e9 sf\u00e9\u0159e a ve\u0159ejn\u00e9 spr\u00e1v\u011b. Jedn\u00e1 se o obor, kter\u00fd re\u00e1ln\u011b p\u0159in\u00e1\u0161\u00ed praxi do studia na vysok\u00e9 \u0161kole. To z d\u016fvodu, \u017ee se na jeho realizaci pod\u00edl\u00ed p\u011bt v\u00fdznamn\u00fdch finan\u010dn\u00edch instituc\u00ed.<br><br>N\u00edzk\u00e9 propojen\u00ed teorie a praxe b\u00fdv\u00e1 \u010dasto uv\u00e1d\u011bna jako slab\u00e1 str\u00e1nka \u010desk\u00e9ho vysok\u00e9ho \u0161kolstv\u00ed a obor Finance a investi\u010dn\u00ed management byl zalo\u017een pr\u00e1v\u011b z d\u016fvodu, aby nab\u00eddl alternativu. Studenti oboru tak \u0159e\u0161\u00ed ve v\u00fduce praktick\u00e9 probl\u00e9my \u010di v r\u00e1mci des\u00edtek hodin jim p\u0159edn\u00e1\u0161\u00ed odborn\u00edci z praxe. Spojen\u00ed jejich diplomov\u00fdch prac\u00ed s prax\u00ed je pak samoz\u0159ejmost\u00ed.<\/p>\n<\/div>\n<\/div><\/div>\n\n\n\n<div class=\"wp-block-themeisle-blocks-advanced-columns alignfull has-1-columns has-desktop-equal-layout has-tablet-equal-layout has-mobile-equal-layout has-default-gap has-vertical-unset\" id=\"wp-block-themeisle-blocks-advanced-columns-5ac848c2\"><div class=\"wp-block-themeisle-blocks-advanced-columns-overlay\"><\/div><div class=\"innerblocks-wrap\">\n<div class=\"wp-block-themeisle-blocks-advanced-column\" id=\"wp-block-themeisle-blocks-advanced-column-cce9a315\">\n<div class=\"wp-block-group has-white-background-color has-background\"><div class=\"wp-block-group__inner-container is-layout-flow\">\n<div class=\"wp-block-group\"><div class=\"wp-block-group__inner-container is-layout-flow\">\n<h2 class=\"has-text-align-center has-white-background-color has-background wp-block-heading\">Kl\u00ed\u010dov\u00e9 oblasti v r\u00e1mci povinn\u00fdch p\u0159edm\u011bt\u016f<\/h2>\n\n\n\n<div class=\"wp-block-columns has-white-background-color has-background is-layout-flex wp-container-9\">\n<div class=\"wp-block-column is-vertically-aligned-top is-layout-flow\">\n<div class=\"wp-block-columns is-layout-flex wp-container-3\">\n<div class=\"wp-block-column is-layout-flow\">\n<p class=\"wp-block-themeisle-blocks-font-awesome-icons\" id=\"wp-block-themeisle-blocks-font-awesome-icons-bdf4a327\"><span class=\"wp-block-themeisle-blocks-font-awesome-icons-container\"><i class=\"fas fa-coins\"><\/i><\/span><\/p>\n\n\n\n<h4 class=\"has-text-align-center has-normal-font-size wp-block-heading\">finan\u010dn\u00ed a kapit\u00e1lov\u00e9 trhy<\/h4>\n<\/div>\n\n\n\n<div class=\"wp-block-column is-layout-flow\">\n<p class=\"wp-block-themeisle-blocks-font-awesome-icons\" id=\"wp-block-themeisle-blocks-font-awesome-icons-b80f798b\"><span class=\"wp-block-themeisle-blocks-font-awesome-icons-container\"><i class=\"fas fa-dollar-sign\"><\/i><\/span><\/p>\n\n\n\n<h4 class=\"has-text-align-center has-normal-font-size wp-block-heading\">\u0158\u00edzen\u00ed bank<\/h4>\n<\/div>\n<\/div>\n<\/div>\n\n\n\n<div class=\"wp-block-column is-layout-flow\">\n<div class=\"wp-block-columns is-layout-flex wp-container-7\">\n<div class=\"wp-block-column is-layout-flow\">\n<p class=\"wp-block-themeisle-blocks-font-awesome-icons\" id=\"wp-block-themeisle-blocks-font-awesome-icons-d8a329b2\"><span class=\"wp-block-themeisle-blocks-font-awesome-icons-container\"><i class=\"far fa-credit-card\"><\/i><\/span><\/p>\n\n\n\n<h4 class=\"has-text-align-center has-normal-font-size wp-block-heading\">\u0159\u00edzen\u00ed poji\u0161\u0165oven<\/h4>\n<\/div>\n\n\n\n<div class=\"wp-block-column is-layout-flow\">\n<p class=\"wp-block-themeisle-blocks-font-awesome-icons\" id=\"wp-block-themeisle-blocks-font-awesome-icons-12c95fc7\"><span class=\"wp-block-themeisle-blocks-font-awesome-icons-container\"><i class=\"fas fa-money-bill-wave\"><\/i><\/span><\/p>\n\n\n\n<h4 class=\"has-text-align-center has-normal-font-size wp-block-heading\" id=\"block-ba276fac-dd3e-4ebb-8cdb-7ea720d1dc89\">portfolio management<\/h4>\n<\/div>\n<\/div>\n<\/div>\n<\/div>\n\n\n\n<div class=\"wp-block-columns has-white-background-color has-background is-layout-flex wp-container-18\">\n<div class=\"wp-block-column is-vertically-aligned-top is-layout-flow\">\n<div class=\"wp-block-columns is-layout-flex wp-container-12\">\n<div class=\"wp-block-column is-layout-flow\">\n<p class=\"wp-block-themeisle-blocks-font-awesome-icons\" id=\"wp-block-themeisle-blocks-font-awesome-icons-92fd2d5a\"><span class=\"wp-block-themeisle-blocks-font-awesome-icons-container\"><i class=\"fas fa-hand-holding-usd\"><\/i><\/span><\/p>\n\n\n\n<h4 class=\"has-text-align-center has-normal-font-size wp-block-heading\">mezin\u00e1rodn\u00ed finance<\/h4>\n<\/div>\n\n\n\n<div class=\"wp-block-column is-layout-flow\">\n<p class=\"wp-block-themeisle-blocks-font-awesome-icons\" id=\"wp-block-themeisle-blocks-font-awesome-icons-6c7e84ab\"><span class=\"wp-block-themeisle-blocks-font-awesome-icons-container\"><i class=\"far fa-money-bill-alt\"><\/i><\/span><\/p>\n\n\n\n<h4 class=\"has-text-align-center has-normal-font-size wp-block-heading\">ANAL\u00ddZA FINAN\u010cN\u00cdCH DAT<\/h4>\n<\/div>\n<\/div>\n<\/div>\n\n\n\n<div class=\"wp-block-column is-layout-flow\">\n<div class=\"wp-block-columns is-layout-flex wp-container-16\">\n<div class=\"wp-block-column is-layout-flow\">\n<p class=\"wp-block-themeisle-blocks-font-awesome-icons\" id=\"wp-block-themeisle-blocks-font-awesome-icons-97fa4a46\"><span class=\"wp-block-themeisle-blocks-font-awesome-icons-container\"><i class=\"fas fa-book-open\"><\/i><\/span><\/p>\n\n\n\n<h4 class=\"has-text-align-center has-normal-font-size wp-block-heading\">Alternativn\u00ed investice<\/h4>\n<\/div>\n\n\n\n<div class=\"wp-block-column is-layout-flow\">\n<p class=\"wp-block-themeisle-blocks-font-awesome-icons\" id=\"wp-block-themeisle-blocks-font-awesome-icons-143f2fd8\"><span class=\"wp-block-themeisle-blocks-font-awesome-icons-container\"><i class=\"fas fa-rupee-sign\"><\/i><\/span><\/p>\n\n\n\n<h4 class=\"has-text-align-center has-normal-font-size wp-block-heading\" id=\"block-ba276fac-dd3e-4ebb-8cdb-7ea720d1dc89\">m\u011bnov\u00e1 integrace<\/h4>\n<\/div>\n<\/div>\n<\/div>\n<\/div>\n<\/div><\/div>\n<\/div><\/div>\n<\/div>\n<\/div><\/div>\n\n\n\n<div class=\"wp-block-themeisle-blocks-advanced-columns alignfull has-1-columns has-desktop-equal-layout has-tablet-equal-layout has-mobile-equal-layout has-default-gap has-vertical-unset\" id=\"wp-block-themeisle-blocks-advanced-columns-896aed19\"><div class=\"wp-block-themeisle-blocks-advanced-columns-overlay\"><\/div><div class=\"innerblocks-wrap\">\n<div class=\"wp-block-themeisle-blocks-advanced-column\" id=\"wp-block-themeisle-blocks-advanced-column-e8c76ff1\">\n<div class=\"wp-block-group has-background\" style=\"background-color:#f1f1f2\"><div class=\"wp-block-group__inner-container is-layout-flow\">\n<div class=\"wp-block-group\"><div class=\"wp-block-group__inner-container is-layout-flow\">\n<div class=\"wp-block-group\"><div class=\"wp-block-group__inner-container is-layout-flow\">\n<h2 id=\"wp-block-themeisle-blocks-advanced-heading-f8c9badd\" class=\"wp-block-themeisle-blocks-advanced-heading wp-block-themeisle-blocks-advanced-heading-f8c9badd\"><strong>Obor Finance a investi\u010dn\u00ed management je oborem, kter\u00fd je<\/strong> <strong>ur\u010den pro ka\u017ed\u00e9ho z\u00e1jemce o studium v oblasti financ\u00ed.<\/strong><\/h2>\n<\/div><\/div>\n<\/div><\/div>\n<\/div><\/div>\n<\/div>\n<\/div><\/div>\n\n\n\n<div style=\"height:80px\" aria-hidden=\"true\" class=\"wp-block-spacer\"><\/div>\n\n\n\n<div class=\"wp-block-themeisle-blocks-advanced-columns alignfull has-1-columns has-desktop-equal-layout has-tablet-equal-layout has-mobile-collapsedRows-layout has-nogap-gap has-vertical-center\" id=\"wp-block-themeisle-blocks-advanced-columns-615216be\"><div class=\"wp-block-themeisle-blocks-advanced-columns-overlay\"><\/div><div class=\"innerblocks-wrap\">\n<div class=\"wp-block-themeisle-blocks-advanced-column\" id=\"wp-block-themeisle-blocks-advanced-column-4d1f00c7\">\n<div class=\"wp-block-themeisle-blocks-advanced-columns has-1-columns has-desktop-equal-layout hide-in-tablet hide-in-mobile has-default-gap has-vertical-unset\" id=\"wp-block-themeisle-blocks-advanced-columns-a7c20dcd\"><div class=\"wp-block-themeisle-blocks-advanced-columns-overlay\"><\/div><div class=\"innerblocks-wrap\">\n<div class=\"wp-block-themeisle-blocks-advanced-column\" id=\"wp-block-themeisle-blocks-advanced-column-fc944e20\">\n<div class=\"wp-block-themeisle-blocks-advanced-columns has-1-columns has-desktop-equal-layout has-tablet-equal-layout has-mobile-equal-layout has-nogap-gap has-vertical-unset\" id=\"wp-block-themeisle-blocks-advanced-columns-9af14bc3\"><div class=\"wp-block-themeisle-blocks-advanced-columns-overlay\"><\/div><div class=\"innerblocks-wrap\">\n<div class=\"wp-block-themeisle-blocks-advanced-column\" id=\"wp-block-themeisle-blocks-advanced-column-9214c76b\">\n<div class=\"wp-block-group\"><div class=\"wp-block-group__inner-container is-layout-flow\">\n<h2 class=\"wp-block-heading\">Povinn\u00e9 p\u0159edm\u011bty programu<\/h2>\n\n\n\n<figure class=\"wp-block-table is-style-stripes\"><table class=\"has-fixed-layout\"><tbody><tr><td><strong>N\u00e1zev p\u0159edm\u011btu <\/strong><\/td><\/tr><tr><td>V\u00fdvoj ekonomick\u00e9ho my\u0161len\u00ed<\/td><\/tr><tr><td>Hospod\u00e1\u0159sk\u00e1 politika II<\/td><\/tr><tr><td>Makroekonomie II<\/td><\/tr><tr><td>Mikroekonomie II<\/td><\/tr><tr><td>Mana\u017eersk\u00e9 \u00fa\u010detnictv\u00ed<\/td><\/tr><tr><td>Ve\u0159ejn\u00e9 finance II<\/td><\/tr><\/tbody><\/table><\/figure>\n<\/div><\/div>\n\n\n\n<div class=\"wp-block-group\"><div class=\"wp-block-group__inner-container is-layout-flow\">\n<p><\/p>\n\n\n\n<h2 class=\"wp-block-heading\">Povinn\u00e9 p\u0159edm\u011bty oboru <\/h2>\n\n\n\n<figure class=\"wp-block-table is-style-stripes\"><table class=\"has-fixed-layout\"><tbody><tr><td><strong>N\u00e1zev p\u0159edm\u011btu <\/strong><\/td><\/tr><tr><td>Bankovnictv\u00ed II<\/td><\/tr><tr><td>Poji\u0161\u0165ovnictv\u00ed II<\/td><\/tr><tr><td>Kapit\u00e1lov\u00e9 trhy<\/td><\/tr><tr><td>Mezin\u00e1rodn\u00ed investi\u010dn\u00ed management<\/td><\/tr><tr><td>Mezin\u00e1rodn\u00ed finance<\/td><\/tr><tr><td>\u00da\u010detnictv\u00ed finan\u010dn\u00edch a neziskov\u00fdch instituc\u00ed<\/td><\/tr><tr><td>Teorie m\u011bnov\u00e9 integrace v AJ<\/td><\/tr><tr><td>Investi\u010dn\u00ed z\u00e1m\u011bry a inova\u010dn\u00ed management<\/td><\/tr><tr><td>Investi\u010dn\u00ed z\u00e1m\u011bry a inova\u010dn\u00ed management<\/td><\/tr><\/tbody><\/table><\/figure>\n\n\n\n<p><\/p>\n\n\n\n<h2 class=\"wp-block-heading\">Povinn\u011b voliteln\u00e9 p\u0159edm\u011bty oboru (v\u00fdb\u011br z n\u00e1sleduj\u00edc\u00ed nab\u00eddky p\u0159edm\u011bt\u016f)<\/h2>\n\n\n\n<figure class=\"wp-block-table is-style-stripes\"><table class=\"has-fixed-layout\"><tbody><tr><td class=\"has-text-align-left\" data-align=\"left\"><strong>N\u00e1zev p\u0159edm\u011btu <\/strong><\/td><\/tr><tr><td class=\"has-text-align-left\" data-align=\"left\">Marketing II<\/td><\/tr><tr><td class=\"has-text-align-left\" data-align=\"left\">Finan\u010dn\u00ed management<\/td><\/tr><tr><td class=\"has-text-align-left\" data-align=\"left\">Podnikov\u00e1 ekonomika II<\/td><\/tr><tr><td class=\"has-text-align-left\" data-align=\"left\">Strategick\u00fd management<\/td><\/tr><tr><td class=\"has-text-align-left\" data-align=\"left\">IS finan\u010dn\u00edch instituc\u00ed<\/td><\/tr><tr><td class=\"has-text-align-left\" data-align=\"left\">Oce\u0148ov\u00e1n\u00ed podniku<\/td><\/tr><\/tbody><\/table><\/figure>\n\n\n\n<p><\/p>\n\n\n\n<h2 class=\"wp-block-heading\">\u0158\u00edzen\u00e1 odborn\u00e1 praxe, diplomn\u00ed semin\u00e1\u0159 a diplomov\u00e1 pr\u00e1ce <\/h2>\n\n\n\n<figure class=\"wp-block-table is-style-stripes\"><table class=\"has-fixed-layout\"><tbody><tr><td class=\"has-text-align-left\" data-align=\"left\"><strong>N\u00e1zev p\u0159edm\u011btu <\/strong><\/td><\/tr><tr><td class=\"has-text-align-left\" data-align=\"left\">Diplomn\u00ed semin\u00e1\u0159<\/td><\/tr><tr><td class=\"has-text-align-left\" data-align=\"left\">Diplomov\u00e1 pr\u00e1ce<\/td><\/tr><tr><td class=\"has-text-align-left\" data-align=\"left\">\u0158\u00edzen\u00e1 odborn\u00e1 praxe<\/td><\/tr><\/tbody><\/table><\/figure>\n\n\n\n<p><\/p>\n\n\n\n<h2 class=\"wp-block-heading\">Specializace pro obor Finance a investi\u010dn\u00ed management<\/h2>\n\n\n\n<p><strong>Studenti oboru maj\u00ed na v\u00fdb\u011br nap\u0159\u00edklad z n\u00e1sleduj\u00edc\u00edch specializac\u00ed:<\/strong> Big data v ofici\u00e1ln\u00ed statistice, Programovac\u00ed jazyk Python, Strategick\u00fd management v AJ, Finan\u010dn\u00ed pr\u00e1vo \u010di \u00da\u010detnictv\u00ed.<\/p>\n<\/div><\/div>\n<\/div>\n<\/div><\/div>\n<\/div>\n<\/div><\/div>\n<\/div>\n<\/div><\/div>\n\n\n\n<div class=\"wp-block-themeisle-blocks-advanced-columns alignfull has-2-columns has-desktop-equal-layout has-tablet-collapsedRows-layout has-mobile-collapsedRows-layout has-nogap-gap has-vertical-center\" id=\"wp-block-themeisle-blocks-advanced-columns-76aa4a12\"><div class=\"wp-block-themeisle-blocks-advanced-columns-overlay\"><\/div><div class=\"innerblocks-wrap\">\n<div class=\"wp-block-themeisle-blocks-advanced-column\" id=\"wp-block-themeisle-blocks-advanced-column-38ee1c5f\">\n<div class=\"wp-block-themeisle-blocks-advanced-columns has-1-columns has-desktop-equal-layout hide-in-tablet hide-in-mobile has-default-gap has-vertical-unset\" id=\"wp-block-themeisle-blocks-advanced-columns-aa2a33e5\"><div class=\"wp-block-themeisle-blocks-advanced-columns-overlay\"><\/div><div class=\"innerblocks-wrap\">\n<div class=\"wp-block-themeisle-blocks-advanced-column\" id=\"wp-block-themeisle-blocks-advanced-column-b94594d5\">\n<div class=\"wp-block-image\"><figure class=\"aligncenter size-large is-resized\"><img decoding=\"async\" loading=\"lazy\" src=\"https:\/\/fim.pef.mendelu.cz\/wp-content\/uploads\/2021\/03\/DSC_3931-upr-1-1.jpg\" alt=\"\" class=\"wp-image-619\" width=\"574\" height=\"382\" srcset=\"https:\/\/fim.pef.mendelu.cz\/wp-content\/uploads\/2021\/03\/DSC_3931-upr-1-1.jpg 1000w, https:\/\/fim.pef.mendelu.cz\/wp-content\/uploads\/2021\/03\/DSC_3931-upr-1-1-300x200.jpg 300w, https:\/\/fim.pef.mendelu.cz\/wp-content\/uploads\/2021\/03\/DSC_3931-upr-1-1-768x512.jpg 768w, https:\/\/fim.pef.mendelu.cz\/wp-content\/uploads\/2021\/03\/DSC_3931-upr-1-1-930x620.jpg 930w\" sizes=\"(max-width: 574px) 100vw, 574px\" \/><\/figure><\/div>\n<\/div>\n<\/div><\/div>\n<\/div>\n\n\n\n<div class=\"wp-block-themeisle-blocks-advanced-column neve-about-content\" id=\"wp-block-themeisle-blocks-advanced-column-3499c703\">\n<h2 id=\"wp-block-themeisle-blocks-advanced-heading-31705c41\" class=\"wp-block-themeisle-blocks-advanced-heading wp-block-themeisle-blocks-advanced-heading-31705c41 content-header\">St\u00e1tn\u00ed z\u00e1v\u011bre\u010dn\u00e1 zkou\u0161ka<\/h2>\n\n\n\n<h3 id=\"wp-block-themeisle-blocks-advanced-heading-57c8445f\" class=\"wp-block-themeisle-blocks-advanced-heading wp-block-themeisle-blocks-advanced-heading-57c8445f content-header\">Aneb obohacuj\u00edc\u00ed zp\u011btn\u00e1 vazba do dal\u0161\u00edho sebevzd\u011bl\u00e1v\u00e1n\u00ed<\/h3>\n\n\n\n<div class=\"wp-block-group\"><div class=\"wp-block-group__inner-container is-layout-flow\">\n<p id=\"wp-block-themeisle-blocks-advanced-heading-2bc2ae4e\" class=\"wp-block-themeisle-blocks-advanced-heading wp-block-themeisle-blocks-advanced-heading-2bc2ae4e\">Provozn\u011b ekonomick\u00e1 fakulta, tak jako i mnoh\u00e9 zahrani\u010dn\u00ed vysok\u00e9 \u0161koly:<br><br>&#8211; klade d\u016fraz u st\u00e1tn\u00edch z\u00e1v\u011bre\u010dn\u00fdch zkou\u0161ek <strong>na zkou\u0161en\u00ed souvisej\u00edc\u00edch oblast\u00ed mezi z\u00e1v\u011bre\u010dnou prac\u00ed studenta a tematick\u00fdmi celky<\/strong> programov\u00e9ho nebo oborov\u00e9ho p\u0159edm\u011btu st\u00e1tn\u00ed zkou\u0161ky,<br><br>&#8211; t\u00e9ma diplomov\u00e9 pr\u00e1ce je <strong>\u00fazce prov\u00e1zan\u00e9<\/strong> s oborem Finance a investi\u010dn\u00ed management,<br><br>&#8211; tematick\u00e9 celky jsou zastoupeny skupinou p\u0159edm\u011bt\u016f z oblasti <strong>hospod\u00e1\u0159sk\u00e9 politiky, financ\u00ed a investi\u010dn\u00edho managementu a zvolen\u00e9 specializace<\/strong>.<\/p>\n<\/div><\/div>\n<\/div>\n<\/div><\/div>\n\n\n\n<p><\/p>\n","protected":false},"excerpt":{"rendered":"","protected":false},"author":1,"featured_media":0,"parent":0,"menu_order":0,"comment_status":"closed","ping_status":"closed","template":"","meta":{"neve_meta_sidebar":"full-width","neve_meta_container":"contained","neve_meta_enable_content_width":"on","neve_meta_content_width":100,"neve_meta_title_alignment":"","neve_meta_author_avatar":"","neve_post_elements_order":"","neve_meta_disable_header":"off","neve_meta_disable_footer":"","neve_meta_disable_title":"on","_themeisle_gutenberg_block_has_review":false,"_ti_tpc_template_sync":false,"_ti_tpc_template_id":""},"_links":{"self":[{"href":"https:\/\/fim.pef.mendelu.cz\/index.php?rest_route=\/wp\/v2\/pages\/329"}],"collection":[{"href":"https:\/\/fim.pef.mendelu.cz\/index.php?rest_route=\/wp\/v2\/pages"}],"about":[{"href":"https:\/\/fim.pef.mendelu.cz\/index.php?rest_route=\/wp\/v2\/types\/page"}],"author":[{"embeddable":true,"href":"https:\/\/fim.pef.mendelu.cz\/index.php?rest_route=\/wp\/v2\/users\/1"}],"replies":[{"embeddable":true,"href":"https:\/\/fim.pef.mendelu.cz\/index.php?rest_route=%2Fwp%2Fv2%2Fcomments&post=329"}],"version-history":[{"count":64,"href":"https:\/\/fim.pef.mendelu.cz\/index.php?rest_route=\/wp\/v2\/pages\/329\/revisions"}],"predecessor-version":[{"id":670,"href":"https:\/\/fim.pef.mendelu.cz\/index.php?rest_route=\/wp\/v2\/pages\/329\/revisions\/670"}],"wp:attachment":[{"href":"https:\/\/fim.pef.mendelu.cz\/index.php?rest_route=%2Fwp%2Fv2%2Fmedia&parent=329"}],"curies":[{"name":"wp","href":"https:\/\/api.w.org\/{rel}","templated":true}]}}